base 3) to base 10
19
Convert -77 (base 10) to base 9.
-85
What is -3 (base 8) in base 14?
-3
-1321 (base 4) to base 8
-171
What is 15 (base 15) in base 4?
110
-127 (base 8) to base 3
-10020
What is -b1 (base 16) in base 8?
-261
What is 1 (base 6) in base 15?
1
Convert 143 (base 13) to base 7.
440
-442 (base 7) to base 8
-342
Convert -3203 (base 4) to base 2.
-11100011
Convert 312 (base 6) to base 11.
a6
37 (base 9) to base 11
31
Convert 0 (base 4) to base 5.
0
Convert -64 (base 11) to base 14.
-50
Convert -431 (base 7) to base 11.
-189
What is 3 (base 10) in base 8?
3
Convert 10 (base 8) to base 7.
11
What is -66 (base 8) in base 10?
-54
-2 (base 11) to base 8
-2
Convert -7 (base 10) to base 7.
-10
Convert -37 (base 9) to base 8.
-42
What is 10 (base 2) in base 11?
2
15 (base 8) to base 15
d
What is -6 (base 7) in base 5?
-11
What is -4 (base 14) in base 16?
-4
Convert 22 (base 9) to base 10.
20
-8 (base 11) to base 3
-22
Convert 0 (base 3) to base 4.
0
-34 (base 5) to base 10
-19
-91 (base 13) to base 10
-118
Convert 2223 (base 4) to base 6.
443
What is -2 (base 5) in base 16?
-2
Convert -3 (base 4) to base 16.
-3
Convert 200 (base 5) to base 14.
38
Convert -3 (base 8) to base 9.
-3
Convert 0 (base 4) to base 7.
0
What is -74 (base 8) in base 10?
-60
100 (base 8) to base 13
4c
What is -2 (base 15) in base 2?
-10
-10 (base 10) to base 6
-14
What is -9 (base 15) in base 11?
-9
304 (base 7) to base 5
1101
Convert 1036 (base 7) to base 4.
11302
Convert -1 (base 11) to base 9.
-1
Convert 2 (base 8) to base 9.
2
Convert 0 (base 5) to base 7.
0
What is f (base 16) in base 10?
15
Convert -3 (base 13) to base 9.
-3
Convert a (base 16) to base 9.
11
Convert -20c (base 13) to base 12.
-252
Convert -1100100 (base 2) to base 11.
-91
Convert 1310 (base 4) to base 13.
8c
What is 43 (base 5) in base 4?
113
Convert 127 (base 12) to base 10.
175
-10111 (base 2) to base 13
-1a
What is 4 (base 10) in base 12?
4
Convert -51 (base 11) to base 6.
-132
What is 7d (base 16) in base 2?
1111101
Convert 24 (base 11) to base 16.
1a
Convert b (base 13) to base 8.
13
What is -3 (base 11) in base 3?
-10
Convert 110 (base 2) to base 14.
6
Convert -46 (base 14) to base 13.
-4a
Convert 0 (base 4) to base 12.
0
-210 (base 4) to base 7
-51
What is 80 (base 11) in base 14?
64
What is -1 (base 7) in base 5?
-1
-7 (base 16) to base 2
-111
What is -6 (base 15) in base 4?
-12
97 (base 15) to base 11
11a
Convert -15 (base 10) to base 5.
-30
Convert 0 (base 6) to base 8.
0
What is -c (base 14) in base 2?
-1100
203 (base 4) to base 8
43
What is 5 (base 12) in base 15?
5
Convert 5 (base 9) to base 7.
5
Convert -a (base 14) to base 4.
-22
0 (base 8) to base 10
0
133 (base 4) to base 2
11111
What is -1 (base 3) in base 2?
-1
-13 (base 4) to base 2
-111
What is -7a (base 12) in base 8?
-136
Convert 154 (base 6) to base 7.
130
-31 (base 15) to base 14
-34
-34 (base 11) to base 7
-52
Convert 1 (base 10) to base 15.
1
What is -67 (base 11) in base 5?
-243
11 (base 4) to base 12
5
Convert -22 (base 12) to base 6.
-42
Convert -1a (base 13) to base 7.
-32
What is 1b0 (base 12) in base 7?
543
Convert -12 (base 15) to base 6.
-25
What is -4 (base 6) in base 12?
-4
30 (base 13) to base 4
213
10 (base 7) to base 5
12
1a (base 14) to base 16
18
What is 8 (base 15) in base 8?
10
Convert 1 (base 16) to base 8.
1
What is -414 (base 6) in base 14?
-b0
Convert -1020 (base 3) to base 11.
-30
What is 222 (base 4) in base 5?
132
Convert -10 (base 15) to base 2.
-1111
12 (base 10) to base 3
110
What is 5 (base 8) in base 10?
5
74 (base 11) to base 3
10000
28 (base 15) to base 14
2a
65 (base 13) to base 11
76
-143 (base 10) to base 2
-10001111
-15 (base 14) to base 15
-14
Convert -1 (base 13) to base 5.
-1
What is -65 (base 8) in base 4?
-311
-107 (base 11) to base 4
-2000
Convert -11 (base 11) to base 10.
-12
Convert -37 (base 9) to base 6.
-54
2 (base 16) to base 15
2
What is -30 (base 11) in base 14?
-25
Convert 1 (base 14) to base 13.
1
What is -86 (base 9) in base 14?
-58
What is 0 (base 12) in base 7?
0
1 (base 15) to base 8
1
What is 4 (base 15) in base 5?
4
Convert 8 (base 16) to base 11.
8
Convert -6 (base 9) to base 5.
-11
Convert -67 (base 8) to base 3.
-2001
57 (base 10) to base 8
71
What is -102 (base 3) in base 12?
-b
9 (base 15) to base 11
9
Convert -2 (base 14) to base 13.
-2
Convert 17c (base 15) to base 2.
101010110
15 (base 6) to base 15
b
Convert 1100 (base 3) to base 2.
100100
10 (base 8) to base 12
8
What is -2114 (base 5) in base 6?
-1152
2 (base 11) to base 6
2
Convert -2111 (base 4) to base 8.
-225
2 (base 6) to base 15
2
Convert -2 (base 9) to base 7.
-2
Convert -373 (base 9) to base 16.
-135
What is -7 (base 8) in base 7?
-10
What is 45 (base 8) in base 11?
34
Convert 1102 (base 3) to base 13.
2c
Convert -1 (base 9) to base 13.
-1
163 (base 7) to base 9
114
Convert 13 (base 14) to base 6.
25
What is 4 (base 15) in base 4?
10
-1 (base 13) to base 6
-1
-d (base 15) to base 7
-16
-4 (base 10) to base 7
-4
Convert 191 (base 14) to base 13.
1bb
1 (base 7) to base 2
1
Convert -11010101 (base 2) to base 5.
-1323
Convert 30 (base 4) to base 9.
13
-10 (base 6) to base 4
-12
What is 4 (base 6) in base 14?
4
Convert -3 (base 14) to base 16.
-3
10 (base 3) to base 14
3
-52 (base 15) to base 10
-77
-6 (base 9) to base 3
-20
12 (base 7) to base 13
9
What is 23 (base 6) in base 13?
12
What is -1 (base 6) in base 7?
-1
46 (base 10) to base 15
31
What is 4 (base 16) in base 14?
4
What is 38 (base 14) in base 2?
110010
What is 9 (base 10) in base 6?
13
What is -27 (base 10) in base 16?
-1b
-24 (base 8) to base 14
-16
What is 0 (base 3) in base 11?
0
Convert 7 (base 9) to base 13.
7
Convert 11111010 (base 2) to base 3.
100021
Convert -11 (base 4) to base 15.
-5
What is 2 (base 4) in base 5?
2
36 (base 9) to base 15
23
Convert 22 (base 12) to base 11.
24
44 (base 8) to base 6
100
What is -10 (base 7) in base 14?
-7
-2033 (base 4) to base 2
-10001111
What is -52 (base 6) in base 4?
-200
What is 10 (base 7) in base 16?
7
What is 345 (base 8) in base 4?
3211
-69 (base 12) to base 9
-100
116 (base 7) to base 8
76
What is -5 (base 13) in base 14?
-5
What is 12 (base 11) in base 8?
15
2 (base 12) to base 11
2
6 (base 14) to base 13
6
242 (base 6) to base 5
343
-2 (base 3) to base 15
-2
0 (base 8) to base 6
0
Convert 0 (base 10) to base 5.
0
-5 (base 8) to base 11
-5
33 (base 11) to base 4
210
77 (base 11) to base 14
60
What is 5 (base 9) in base 14?
5
Convert -10 (base 14) to base 2.
-1110
-45 (base 7) to base 13
-27
8 (base 12) to base 14
8
What is -4 (base 15) in base 5?
-4
-23 (base 15) to base 2
-100001
Convert -21 (base 11) to base 4.
-113
c6 (base 13) to base 9
200
-72 (base 12) to base 6
-222
-261 (base 7) to base 10
-141
What is -2c (base 16) in base 2?
-101100
Convert -4 (base 7) to base 2.
-100
Convert -45 (base 13) to base 4.
-321
Convert 0 (base 15) to base 9.
0
-69 (base 16) to base 11
-96
Convert -6 (base 15) to base 12.
-6
What is 4 (base 7) in base 3?
11
What is 20 (base 3) in base 14?
6
What is -10 (base 10) in base 13?
-a
Convert 224 (base 5) to base 12.
54
What is -4 (base 13) in base 9?
-4
Convert -10 (base 4) to base 5.
-4
What is -5 (base 9) in base 4?
-11
Convert 4 (base 15) to base 8.
4
What is -5 (base 10) in base 3?
-12
0 (base 4) to base 11
0
Convert 1 (base 6) to base 14.
1
What is 0 (base 4) in base 12?
0
-36 (base 14) to base 15
-33
Convert -a1 (base 15) to base 11.
-128
Convert 12 (base 4) to base 8.
6
Convert 0 (base 6) to base 11.
0
11011 (base 2) to base 5
102
Convert 17 (base 13) to base 8.
24
What is -6 (base 8) in base 10?
-6
What is -67 (base 12) in base 8?
-117
Convert -3 (base 10) to base 7.
-3
What is 14 (base 8) in base 6?
20
What is 1 (base 13) in base 9?
1
-18 (base 13) to base 14
-17
Convert 64 (base 7) to base 15.
31
What is 200 (base 7) in base 6?
242
-5 (base 14) to base 4
-11
-55 (base 14) to base 4
-1023
4 (base 10) to base 16
4
-12 (base 9) to base 12
-b
What is 10010 (base 2) in base 3?
200
What is -4 (base 8) in base 3?
-11
What is -2 (base 8) in base 2?
-10
What is -101101 (base 2) in base 6?
-113
Convert -29 (base 11) to base 15.
-21
-40 (base 14) to base 7
-110
Convert 45 (base 6) to base 16.
1d
Convert -113 (base 12) to base 15.
-a9
3 (base 15) to 